{"id":11,"date":"2018-12-03T22:10:24","date_gmt":"2018-12-04T00:10:24","guid":{"rendered":"http:\/\/combatefogo.com.br\/site\/?page_id=11"},"modified":"2018-12-21T10:49:06","modified_gmt":"2018-12-21T12:49:06","slug":"home","status":"publish","type":"page","link":"https:\/\/combatefogo.com.br\/site\/","title":{"rendered":"HOME"},"content":{"rendered":"<p>[vc_row][vc_column width=&#8221;1\/3&#8243;]<div id=\"ultimate-heading-5056a06653687584\" class=\"uvc-heading ult-adjust-bottom-margin ultimate-heading-5056a06653687584 uvc-7054 \" data-hspacer=\"no_spacer\"  data-halign=\"center\" style=\"text-align:center\"><div class=\"uvc-heading-spacer no_spacer\" style=\"top\"><\/div><div class=\"uvc-main-heading ult-responsive\"  data-ultimate-target='.uvc-heading.ultimate-heading-5056a06653687584 h2'  data-responsive-json-new='{\"font-size\":\"\",\"line-height\":\"\"}' ><h2 style=\"font-weight:normal;\">Extintores<\/h2><\/div><\/div>[vc_single_image image=&#8221;28&#8243; img_size=&#8221;250&#215;250&#8243; alignment=&#8221;center&#8221; style=&#8221;vc_box_circle&#8221;]<div id=\"ultimate-heading-6916a066536875a8\" class=\"uvc-heading ult-adjust-bottom-margin ultimate-heading-6916a066536875a8 uvc-8744 \" data-hspacer=\"no_spacer\"  data-halign=\"center\" style=\"text-align:center\"><div class=\"uvc-heading-spacer no_spacer\" style=\"top\"><\/div><div class=\"uvc-sub-heading ult-responsive\"  data-ultimate-target='.uvc-heading.ultimate-heading-6916a066536875a8 .uvc-sub-heading '  data-responsive-json-new='{\"font-size\":\"\",\"line-height\":\"\"}'  style=\"font-weight:normal;\"><\/p>\n<p style=\"text-align: justify;\">Temos uma linha completa de Extintores. Melhor pre\u00e7o e entrega r\u00e1pida.<\/p>\n<p><\/div><\/div>[\/vc_column][vc_column width=&#8221;1\/3&#8243;]<div id=\"ultimate-heading-51246a066536875bd\" class=\"uvc-heading ult-adjust-bottom-margin ultimate-heading-51246a066536875bd uvc-8594 \" data-hspacer=\"no_spacer\"  data-halign=\"center\" style=\"text-align:center\"><div class=\"uvc-heading-spacer no_spacer\" style=\"top\"><\/div><div class=\"uvc-main-heading ult-responsive\"  data-ultimate-target='.uvc-heading.ultimate-heading-51246a066536875bd h2'  data-responsive-json-new='{\"font-size\":\"\",\"line-height\":\"\"}' ><h2 style=\"font-weight:normal;\">Lumin\u00e1rias<\/h2><\/div><\/div>[vc_single_image image=&#8221;88&#8243; img_size=&#8221;250&#215;250&#8243; alignment=&#8221;center&#8221; style=&#8221;vc_box_circle&#8221;]<div id=\"ultimate-heading-68346a066536875cd\" class=\"uvc-heading ult-adjust-bottom-margin ultimate-heading-68346a066536875cd uvc-5878 \" data-hspacer=\"no_spacer\"  data-halign=\"center\" style=\"text-align:center\"><div class=\"uvc-heading-spacer no_spacer\" style=\"top\"><\/div><div class=\"uvc-sub-heading ult-responsive\"  data-ultimate-target='.uvc-heading.ultimate-heading-68346a066536875cd .uvc-sub-heading '  data-responsive-json-new='{\"font-size\":\"\",\"line-height\":\"\"}'  style=\"font-weight:normal;\">Linha completa de Lumin\u00e1rias de emerg\u00eancia e sinalizadores.<\/div><\/div>[\/vc_column][vc_column width=&#8221;1\/3&#8243;]<div id=\"ultimate-heading-8106a066536875dd\" class=\"uvc-heading ult-adjust-bottom-margin ultimate-heading-8106a066536875dd uvc-6398 \" data-hspacer=\"no_spacer\"  data-halign=\"center\" style=\"text-align:center\"><div class=\"uvc-heading-spacer no_spacer\" style=\"top\"><\/div><div class=\"uvc-main-heading ult-responsive\"  data-ultimate-target='.uvc-heading.ultimate-heading-8106a066536875dd h2'  data-responsive-json-new='{\"font-size\":\"\",\"line-height\":\"\"}' ><h2 style=\"font-weight:normal;\">Abrigo de Hidrante<\/h2><\/div><\/div>[vc_single_image image=&#8221;72&#8243; img_size=&#8221;250&#215;250&#8243; alignment=&#8221;center&#8221; style=&#8221;vc_box_circle&#8221;]<div id=\"ultimate-heading-16046a066536875ec\" class=\"uvc-heading ult-adjust-bottom-margin ultimate-heading-16046a066536875ec uvc-4081 \" data-hspacer=\"no_spacer\"  data-halign=\"center\" style=\"text-align:center\"><div class=\"uvc-heading-spacer no_spacer\" style=\"top\"><\/div><div class=\"uvc-sub-heading ult-responsive\"  data-ultimate-target='.uvc-heading.ultimate-heading-16046a066536875ec .uvc-sub-heading '  data-responsive-json-new='{\"font-size\":\"\",\"line-height\":\"\"}'  style=\"font-weight:normal;\"><\/p>\n<p style=\"text-align: justify;\">Linha completa de Abrigos para Hidrante.<\/p>\n<p><\/div><\/div>[\/vc_column][\/vc_row][vc_row][vc_column][vc_empty_space][\/vc_column][\/vc_row][vc_row][vc_column width=&#8221;1\/2&#8243;][vc_single_image image=&#8221;108&#8243; img_size=&#8221;large&#8221; alignment=&#8221;center&#8221; style=&#8221;vc_box_shadow_3d&#8221;][\/vc_column][vc_column width=&#8221;1\/2&#8243;]<style type=\"text\/css\" data-type=\"the7_shortcodes-inline-css\">#default-btn-1:not(:hover) {\n  background: #1e73be !important;\n  color: #000000;\n  -webkit-text-fill-color: #000000;\n}\n#default-btn-1:not(:hover) * {\n  color: #000000;\n  -webkit-text-fill-color: #000000;\n}\n.btn-3d #default-btn-1:not(:hover) {\n  border-bottom-color: #265279;\n}\n#default-btn-2:not(:hover) {\n  background: #1e73be !important;\n  color: #000000;\n  -webkit-text-fill-color: #000000;\n}\n#default-btn-2:not(:hover) * {\n  color: #000000;\n  -webkit-text-fill-color: #000000;\n}\n.btn-3d #default-btn-2:not(:hover) {\n  border-bottom-color: #265279;\n}\n#default-btn-3:not(:hover) {\n  background: #1e73be !important;\n  color: #000000;\n  -webkit-text-fill-color: #000000;\n}\n#default-btn-3:not(:hover) * {\n  color: #000000;\n  -webkit-text-fill-color: #000000;\n}\n.btn-3d #default-btn-3:not(:hover) {\n  border-bottom-color: #265279;\n}\n<\/style><div class=\"btn-align-center\"><a href=\"https:\/\/combatefogo.com.br\/site\/contato\/\" class=\"default-btn-shortcode dt-btn dt-btn-l fadeIn animate-element animation-builder anchor-link full-width-btn \" id=\"default-btn-1\"><span>QUERO UMA COTA\u00c7\u00c3O<\/span><\/a><\/div>[vc_empty_space]<div class=\"btn-align-center\"><a href=\"https:\/\/combatefogo.com.br\/site\/consultoria\/\" class=\"default-btn-shortcode dt-btn dt-btn-l fadeIn animate-element animation-builder anchor-link full-width-btn \" id=\"default-btn-2\"><span>FALAR COM CONSULTOR<\/span><\/a><\/div>[vc_empty_space]<div class=\"btn-align-center\"><a href=\"https:\/\/combatefogo.com.br\/site\/contato\/\" class=\"default-btn-shortcode dt-btn dt-btn-l fadeIn animate-element animation-builder anchor-link full-width-btn \" id=\"default-btn-3\"><span>AGENDAR UMA VISITA<\/span><\/a><\/div>[vc_empty_space][vc_column_text]<\/p>\n<h2>Produtos para preven\u00e7\u00e3o e seguran\u00e7a<br \/>\nda vida humana e o patrim\u00f4nio.<\/h2>\n<p>[\/vc_column_text][\/vc_column][\/vc_row][vc_row][vc_column][\/vc_column][\/vc_row]<\/p>\n","protected":false},"excerpt":{"rendered":"<p>[vc_row][vc_column width=&#8221;1\/3&#8243;][vc_single_image image=&#8221;28&#8243; img_size=&#8221;250&#215;250&#8243; alignment=&#8221;center&#8221; style=&#8221;vc_box_circle&#8221;][\/vc_column][vc_column width=&#8221;1\/3&#8243;][vc_single_image image=&#8221;88&#8243; img_size=&#8221;250&#215;250&#8243; alignment=&#8221;center&#8221; style=&#8221;vc_box_circle&#8221;][\/vc_column][vc_column width=&#8221;1\/3&#8243;][vc_single_image image=&#8221;72&#8243; img_size=&#8221;250&#215;250&#8243; alignment=&#8221;center&#8221; style=&#8221;vc_box_circle&#8221;][\/vc_column][\/vc_row][vc_row][vc_column][vc_empty_space][\/vc_column][\/vc_row][vc_row][vc_column width=&#8221;1\/2&#8243;][vc_single_image image=&#8221;108&#8243; img_size=&#8221;large&#8221; alignment=&#8221;center&#8221; style=&#8221;vc_box_shadow_3d&#8221;][\/vc_column][vc_column width=&#8221;1\/2&#8243;][vc_empty_space][vc_empty_space][vc_empty_space][vc_column_text] Produtos para preven\u00e7\u00e3o e seguran\u00e7a da vida humana e o patrim\u00f4nio. [\/vc_column_text][\/vc_column][\/vc_row][vc_row][vc_column][\/vc_column][\/vc_row]<\/p>\n","protected":false},"author":1,"featured_media":0,"parent":0,"menu_order":0,"comment_status":"closed","ping_status":"closed","template":"","meta":[],"_links":{"self":[{"href":"https:\/\/combatefogo.com.br\/site\/wp-json\/wp\/v2\/pages\/11"}],"collection":[{"href":"https:\/\/combatefogo.com.br\/site\/wp-json\/wp\/v2\/pages"}],"about":[{"href":"https:\/\/combatefogo.com.br\/site\/wp-json\/wp\/v2\/types\/page"}],"author":[{"embeddable":true,"href":"https:\/\/combatefogo.com.br\/site\/wp-json\/wp\/v2\/users\/1"}],"replies":[{"embeddable":true,"href":"https:\/\/combatefogo.com.br\/site\/wp-json\/wp\/v2\/comments?post=11"}],"version-history":[{"count":4,"href":"https:\/\/combatefogo.com.br\/site\/wp-json\/wp\/v2\/pages\/11\/revisions"}],"predecessor-version":[{"id":111,"href":"https:\/\/combatefogo.com.br\/site\/wp-json\/wp\/v2\/pages\/11\/revisions\/111"}],"wp:attachment":[{"href":"https:\/\/combatefogo.com.br\/site\/wp-json\/wp\/v2\/media?parent=11"}],"curies":[{"name":"wp","href":"https:\/\/api.w.org\/{rel}","templated":true}]}}